o + 21*o - 33 + 9*o. Is u(14) composite?
False
Is -5 + 4 + (672786 - 1) + -5 a prime number?
True
Let r be 45 - 50 - (0 + 13593). Let g = r + 22689. Is g prime?
True
Suppose 0*a - 5*a = 4*a - 6239007. Is a prime?
True
Let d be -8*(-5)/(-30)*3. Let v be 0/((-16)/d + -2). Suppose v = -4*u + 3370 + 42. Is u a prime number?
True
Suppose 0 = -12*v + 65 + 127. Suppose -m + 20 - v = 0, -3*n = 3*m - 10485. Is n composite?
False
Let q(f) = 6*f**2 - 12*f - 62. Let s be q(30). Let y = -1665 + s. Is y a composite number?
False
Let y(r) = -r**3 - 4*r**2 + 3*r - 3. Let b be y(-7). Let s = 64 - 90. Let v = b + s. Is v prime?
True
Suppose -63 = -120*v + 123*v. Let u = 214 - v. Is u composite?
True
Let p(o) = 3*o + 3110. Let y be (-6)/(-10) - (-66)/(-110). Let a be p(y). Suppose -8 = -2*b + a. Is b a composite number?
False
Let w(h) = 48253*h**2 + 134*h - 17. Is w(4) a composite number?
False
Let d be -2*((-385)/14)/11. Suppose 31 = 2*l + 5*y - 91, 4*y - 339 = -d*l. Is l a prime number?
True
Let f = 299939 - 174696. Is f a composite number?
False
Let b be 2/3 - 49/(-21). Suppose -272 - 400 = -b*j - 3*u, -4*j + 912 = -4*u. Suppose j = p - 727. Is p prime?
True
Let v(o) = 1783*o**2 + 190*o + 1493. Is v(-8) composite?
True
Let t(l) = -l**3 - l**2 + 3*l. Let g be t(-3). Suppose g*u + 281 = 11. Is 226/(-3)*u/4 a prime number?
False
Suppose -6*z + 746 = 200. Suppose 0 = z*k - 95*k. Suppose k = 5*b - 387 + 62. Is b prime?
False
Suppose 4*k - 5*o = -3*o - 50506, -5*o = 5*k + 63140. Let d = -18210 - k. Let q = d - -8600. Is q a composite number?
True
Is (-16235106)/(-30) + (7 - 574/70) composite?
True
Let t(v) = -9*v**2 - v - 2. Let l be t(-1). Let b(p) = 9*p**2 - 4*p + 39. Is b(l) a composite number?
True
Suppose -2 = 4*l - 4*g - 14, 0 = -4*l - 2*g + 18. Suppose 13 = -l*t - 163. Is (113/2)/((-2)/t) a prime number?
False
Let t be 9/(-27)*5*(-4 + 1). Suppose t*j + 2 = -28. Is (j/(-4))/((-18)/(-12)) + 108 a composite number?
False
Let l = 18 + -18. Let m(o) = 755*o - 4 + l + 2026*o. Is m(1) composite?
False
Let d = 11942 + -6552. Suppose 4442 = 2*f - d. Suppose -4*v + 536 = -f. Is v prime?
False
Let x(v) be the third derivative of -11*v**4/24 + v**3/3 - 19*v**2. Let n be x(-19). Suppose 3*b - 5*j = n + 1533, 3*b - 3*j = 1734. Is b composite?
True
Let q(o) be the second derivative of -4*o**5/5 + 7*o**4/12 + 23*o**3/6 + 3*o**2/2 - 34*o. Let i be q(7). Is 1*-2*i/34 a prime number?
True
Let w = 51 - 46. Let q(d) = 54*d**2 + 7*d. Let p be q(w). Suppose -j + 259 = -3*l, l - p = -5*j - 2*l. Is j a composite number?
True
Let q be (9 + (-684)/84)/(1/(-7)). Is (q - -3)/((-15)/9415) a prime number?
False
Let a be (-47646)/(-27)*3/(-2). Let n = 1600 - a. Is n a composite number?
True
Let f(h) = 11*h + 15. Let b be f(6). Let z be 171/b + 1/(-9). Suppose 5*i = 5*x - 950, 0*i - 5*i + 345 = z*x. Is x composite?
True
Is (-3745772)/(-56) - (-19 + 263/14) composite?
False
Let g be (0 - 1) + (-6)/((-6)/4465). Suppose -2*a = 2*m - g, 2*a - 2*m = -0*a + 4460. Is a composite?
True
Let v = -81 - -83. Is (-1 + (-6)/8)*v*-1174 a composite number?
True
Suppose 0 = -8*f + 3*f - 5*p - 80, 3*f = -5*p - 48. Is 43774/f*-2 + 27/(-36) a prime number?
True
Is ((-367107)/(-195))/(1/5) a prime number?
True
Suppose 0 = -55*f + 52*f + 195123. Is f a prime number?
False
Let k(j) = 147*j**3 - 18*j**2 + 77*j - 439. Is k(15) a composite number?
True
Let w be (-6)/(-4)*(-23064)/18. Let q = 632 - w. Is q prime?
False
Suppose 3*t + 57651 - 263279 = -t. Is t a prime number?
True
Let k(s) = 101*s**3 - 58*s**2 - 16*s - 101. Is k(21) prime?
False
Let l be -155*(-1 + (-6769)/7). Is (l/4)/5 + (-4 - -1) a prime number?
True
Suppose 0 = -q + 5*i - 19 + 36, 4*q - 5*i = 68. Suppose 33*c - 135536 = q*c. Is c composite?
True
Let m(t) = 1653*t**2 - t + 1. Let o be m(-1). Suppose 5*w - 10*w + o = 0. Suppose 0 = f - 832 - w. Is f a composite number?
False
Let i(z) = -z**3 - 3*z**2 + 8*z - 10. Let o be i(-5). Suppose 4*j + 406 - 10 = o. Let r = 518 + j. Is r a composite number?
False
Suppose -9*a + 10*a = c - 149927, -3*a - 12 = 0. Is c a prime number?
False
Let d be (2082/(-1) - 2)*20/(-16). Let m = d + 11392. Is m a prime number?
True
Let r(y) = 48*y**3 - y**2 - 21*y - 37. Let h be r(-2). Let t = 2076 - h. Is t prime?
True
Suppose -15*m = 4*q - 14*m - 10, q - 2*m = 7. Is q/(-2)*2*(-25427)/141 a prime number?
True
Let a(j) = -j**3 + 2*j**2 - j + 249. Let n be a(0). Suppose -40*z + n = -37*z. Is z composite?
False
Is ((37 - 35)/(3 + -5))/(2/(-52606)) composite?
True
Let k(g) = g**3 + 16*g**2 - 17*g + 19. Let i(a) = a**2 - 8*a - 6. Let m be i(6). Let p be k(m). Let d = 510 + p. Is d composite?
True
Let r(z) = -7*z + 51. Let p be r(7). Is p + 2315*(-12)/(-4) a prime number?
True
Suppose 763 = -3*u - 995. Let z = u + 1878. Suppose 4*o + 0*o - z = 0. Is o composite?
True
Let v(r) = -1506*r + 162. Let q be v(-8). Suppose -19*o = -q - 5023. Is o a composite number?
False
Suppose -24*q = -3*y - 22*q + 6, 0 = -4*q. Suppose 5*v = 2*k + 4*v - 25620, -25628 = -y*k - 3*v. Is k prime?
False
Let h(o) = 34267*o - 125. Is h(4) a composite number?
False
Let q(w) be the second derivative of -3*w**5/20 - w**4/6 + w**3/6 + w**2 - 18*w. Let h be q(-1). Is (-6696)/(-6) + 1 - h/(-1) a composite number?
True
Suppose -4*k + 4 + 2 = 5*a, -4*k - 6 = -a. Let x(q) = -533*q**3 + q**2 + q. Is x(k) a prime number?
False
Let k = 577627 + -380948. Is k composite?
True
Suppose 0 = -5*t - 24 - 6. Let w be 6/2*((-20)/(-15) - t). Suppose 18*v + 1004 = w*v. Is v a composite number?
False
Let m = 167 + -170. Is (5 - (m + -5183)) + 0 prime?
False
Suppose c - 4*r - 3 = -3*r, -3*c + 2*r = -14. Suppose 3 = p + m, -2*m = 2*m - c. Is ((-57)/(-6))/((-2)/(-268)*p) a composite number?
True
Let q(x) = 184*x + 25. Let k be (-4 - (4 + -7)) + 9. Let i be q(k). Let c = 3938 - i. Is c a composite number?
False
Let z(a) = 66285*a - 190. Let o(f) = -2455*f + 7. Let n(p) = 55*o(p) + 2*z(p). Let s be n(1). Let k = -1579 - s. Is k composite?
True
Suppose 12*a - 151902 - 51258 = 0. Is (-3 - a/(-15))/(3/9) composite?
True
Let k = -215 + 228. Suppose -27*f + 51562 = -k*f. Is f prime?
False
Suppose -2*j = -w - 21074, -5*j + 5*w = -52901 + 211. Suppose 4*x + 4*t - j = 0, -1892 = -4*x - 3*t + 8643. Is x prime?
True
Suppose -9*q + 5*x - 4 = -6*q, 15 = -4*q - 3*x. Let n(a) = 398*a - 3. Let v(w) = 397*w - 4. Let c(b) = -3*n(b) + 2*v(b). Is c(q) a prime number?
True
Suppose 8*z + 4*z - 48 = 0. Suppose -18 = -2*r - z. Let t(a) = 7*a**2 - 8*a - 13. Is t(r) prime?
False
Let q(n) = -n**3 - 23*n**2 + n + 19. Let c be q(-23). Is (3 + c)/((-5)/104555) a composite number?
True
Suppose -6*x + 998 + 27232 = 0. Suppose -5*r + x = -3565. Suppose -5*f + 2*d = -0*d - 2753, d - r = -3*f. Is f composite?
True
Let s(t) = -15901*t - 253. Is s(-8) composite?
True
Suppose 3*u = 2*t + 88795, 3*t - 57084 = -3*u + 31716. Is u a composite number?
False
Let u = 3430 - 7032. Let g = 2771 - u. Is g a composite number?
False
Is (-2082315)/(-75) - (-1 + 22/10) a prime number?
True
Suppose -h = -3*j - 14085, 0 = -6*h + 3*h - 5*j + 42227. Let y = h + -9352. Is y a prime number?
False
Let f be 71/7 + -10 + (-4450)/(-14). Let i = -1 + f. Is i a prime number?
True
Suppose -6290 = 78*h - 88*h. Let j be (1 - 3) + (-794)/(-2). Suppose -4*g - z + 110 + j = 0, 2*z - h = -5*g. Is g a composite number?
False
Suppose 0 = -58*f + 63*f - 95. Suppose -f*h + 100344 = -5657. Is h a composite number?
True
Let l(z) be the first derivative of -z**2/2 + 5*z + 9. Let a be l(10). Is (8*a/(-160))/((-2)/(-2456)) prime?
True
Let f = 4797 + 53905. Suppose -11*a + f = -8541. Is a a prime number?
True
Let l be 13/((-273)/90)*(-28)/8. Suppose -401 = -o - 3*u, 1965 = 5*o - l*u + 20*u. Is o a composite number?
False
Let w be 34/136 - (-14)/8. Suppose w*b = -4*o + 51526, -2*o - 1599 = -4*b - 27357. Is o a composite number?
True
Suppose -5*k = -216 + 66. Suppose k*f - 29*f - 1477 = 0. Is f a composite number?
True
Let v be -6 + (-2 - -13) + -5. Suppose v = 26*k - 129927 - 113563. Is k a composite number?
True
Let d = 1 + 16. Suppose -5*c + 20*j - d*j + 35921 = 0, -5*c - 2*j + 35911 = 0. Is c a composite number?
True
Let y(h) = 57*h**2 + 5*h + 19. Let c(z) = -9*z**2 + 61*z + 10. Let v be c(7). Is y(v) a composite number?
False
Let u(l) = 1045*l + 8. Suppose 0